e of -11 + (-68 + 89 - (1 - 17))?
26
What is the value of 78 - 35 - 33 - -14?
24
-45 + 39 - (-1 + -5) - 10
-10
Calculate -4 + -1 + (-1 - -6) - -1.
1
What is the value of (431 - 443) + (35 - -2)?
25
Evaluate 14 - (-21 + 13 - -32).
-10
Calculate (-1 + -5 + 0 - -5) + 17.
16
Evaluate (18 - (1 - 3)) + (-761 - -751).
10
What is -1 + -6 + (6 - 0) - (7 + 12)?
-20
Calculate -31 + (-9 - (10 - (-7 - -21))) + 7.
-29
What is (14 - 14) + -10 + 10?
0
-17 - -9 - -25 - 4
13
Evaluate -18 + 1 - (-117 - -115).
-15
Calculate (0 - 1) + (-14 - (2 + -22)) + -4.
1
Calculate 7 + -1 - ((6 - -1) + -3).
2
Evaluate 20 - ((-40 - -16) + 45).
-1
Evaluate -9 + (33 + -17 - (-3 - -3)).
7
3 - 25 - (1 - 14)
-9
Evaluate -4 + 15 + (4 - (8 - 8)).
15
-1 - 7 - (38 + -44 + -1)
-1
-15 + 9 + 19 - 18
-5
Calculate 8 + (2 + -1 - 5 - (47 - 45)).
2
12 + (-8 + 13 - 17) + 8
8
Calculate -44 + (19 - 25) + 25.
-25
What is -7 - ((2 - 0) + -2)?
-7
Calculate 174 + -164 - (-6 - 10 - -3).
23
-3 - (-8 + 10 + -10 - -6)
-1
What is the value of (29 - 12) + (-4 - 0)?
13
What is 5 - (0 - 11) - (8 + -3)?
11
What is the value of -3 + 14 + -9 - -11 - 6?
7
(56 - 32) + -29 + (-6 - 0 - 1)
-12
What is (10 - 3 - (35 - 38)) + 0 + -21?
-11
Calculate (-810 - -794) + 1 + -2 + 11.
-6
What is 3 + -6 + (-1 - 5) + -3?
-12
12 - (27 + -12) - (-2 + -2 + -5)
6
Evaluate 4 + -3 - -8 - 5 - (-51 + 63).
-8
What is -51 + (81 - 41 - 12)?
-23
Calculate (27 - 21 - (12 - 2)) + 0.
-4
What is the value of 27 - (11 + -2) - (3 - 2 - 2)?
19
Calculate -17 - (2 - 12) - -2 - 4.
-9
Evaluate 7 + -7 - (1 - 0) - (-14 + -16).
29
(11 - (12 - -2)) + 48 + -31
14
What is the value of (-22 + 2 - (-2 + -1)) + (-39 - -34)?
-22
Calculate (7 - -15 - (-8 + 3)) + -2.
25
What is the value of -36 + (15 - -5) - 3?
-19
What is the value of 0 + (3 - (-5 - -5) - -7 - 6)?
4
Evaluate (12 - -10) + (-10 - 0) + 1.
13
-5 + (0 + 3 - -2 - (-43 - -54))
-11
Evaluate -87 - -18 - -41 - (-6 + 0).
-22
What is the value of -15 - (6 - 34 - -23)?
-10
-13 + (-6 - -13) + 12
6
What is -8 + 4 + 19 + -7 - (-2 + 33)?
-23
Calculate (-26 - 4) + 43 + (-1 - 12).
0
What is -61 + 66 - (-2 + 4 + 2) - -2?
3
Evaluate (-13 - -8) + -6 - (-4 + 0).
-7
What is (-3 - 1 - (-63 - -71)) + -4?
-16
(-24 - -14) + 6 - (-2 + 9 - 1)
-10
What is 18 + (-8 - 8) + (-22 - -1) + -3?
-22
What is the value of ((-1 - 4) + 2 + 0 - 4) + -7?
-14
(-64 - -21 - (-15 - 0)) + 4
-24
What is -8 + 9 + -7 + -3 + 6?
-3
Evaluate -10 - (-6 + (-7 - -7) + (4 - 5)).
-3
What is the value of (-1 - -12) + 26 + -48 + 24?
13
-13 + (-4 - ((-6 - -4) + -8))
-7
27 + 1 - (14 + -26 + 17)
23
What is -3 - -11 - ((5 - -22) + -19)?
0
(-24 - -19) + 0 + 15
10
Evaluate -35 + (72 - 24) + 16.
29
What is the value of -4 - (-6 - (33 - 26))?
9
(0 - 1 - 25) + (80 - (5 - -72))
-23
What is (-9 - -3) + (5 - -2 - -12)?
13
What is the value of -42 - ((9 - 15) + -16)?
-20
Evaluate (-1 - 0) + 20 - (144 + (-165 - -13)).
27
(3 + -7 - (-15 + 8)) + -11
-8
What is the value of -5 - -18 - 30 - -10?
-7
30 - (44 + (-29 - -10))
5
What is the value of (26 - 20) + -39 + (12 - 7)?
-28
27 - 43 - (-2 + (1 - 6))
-9
What is the value of -33 + 10 + (6 - -30)?
13
Calculate -1 + (-1 - (-8 + 6 - 3)) + 9.
12
What is (-1 - -17) + -346 + 318?
-12
Calculate -13 - -1 - (10 + (-15 + 11 - -4)).
-22
(230 - 242) + (21 - -1) - -11
21
Calculate 8 - (-1 + -1 + 8 + -17 + 10).
9
48 - 40 - (11 + 2)
-5
(-8 - -6) + -12 + 8
-6
8 - ((-11 - -32) + 16)
-29
Calculate (10 + 4 - 6) + -13 + 13.
8
What is (-10 - -6 - (-5 + -20 + 0)) + -8?
13
Evaluate 20 + -8 + -28 - 6.
-22
What is 11 - 1 - (3 + (-18 - -14) + 3)?
8
Evaluate -158 + 165 - (-18 + 1).
24
54 + -64 + 14 + (1 - (-14 + -1))
20
Evaluate (2 - 2 - 1) + (4 - (-10 + 16)).
-3
-17 - -28 - (-16 + 19)
8
What is 6 + 0 - ((-36 - -22) + 27)?
-7
Calculate -1 + -5 + (11 - 6) + 13 + -7.
5
Calculate 8 + 3 - (-15 + -17 + 38) - -5.
10
25 + 20 - ((8 - -9) + 1)
27
-19 + -4 - -3 - -9
-11
What is -1 + -33 - (-1 - 22 - (481 + -512))?
-42
What is -3 + 4 + (-25 - (-2 + 12 + -2))?
-32
What is 11 + (-6 - 12) - -3?
-4
Calculate (-72 + 41 - -41) + (0 - 25).
-15
Evaluate 26 + 11 + -15 - 19.
3
Calculate 33 - ((11 - 35) + 60).
-3
-19 + 4 + 4 + -20 + 21
-10
(-49 - -16) + 34 - (-10 - -1) - 6
4
What is -67 + 67 + (1 + 2 - 6)?
-3
Calculate (2 - 1 - (213 - 224)) + -1 + 1.
12
What is (0 - 8) + 11 + -5?
-2
Evaluate -4 + (-6 - (-8 - 21)).
19
Evaluate (3 - 1 - 3) + 2.
1
What is the value of -12 - (-13 - -24 - 31)?
8
Calculate (217 - 223) + -2 + (4 - -2) - -13.
11
What is the value of (-62 - -57 - (3 + -3)) + -10?
-15
What is the value of -5 + (-13 - -12) - (2 + 7)?
-15
What is -6 + (0 - (2 - (-2 - -7))) - -1?
-2
Calculate -4 + -5 + 0 + 4.
-5
What is 95 + (-7 - 18) - 43?
27
Calculate 0 + (4 - (5 + 6) - (-7 - -4)).
-4
What is the value of (67 - 64) + -27 - (-4 - 1)?
-19
What is 12 + 10 + -13 + 6?
15
-3 - ((-17 - -30) + 3 + (-9 - -2))
-12
3 + 0 + (15 - 20)
-2
What is 2 - 1 - (1 + -25 + 31)?
-6
What is the value of (13 - (37 + 1)) + 6?
-19
-7 - (12 - (6 + (30 - 6)))
11
What is the value of 38 + -22 + (0 - (-2 + -6))?
24
What is -6 + -15 - (5 + 3 - 9 - 8)?
-12
What is 2 - 12 - (-16 - ((6 - -3) + -6))?
9
Calculate -3 + 11 + -42 - (4 - (2 - 0)).
-36
Evaluate (2 - -12) + -19 + -17 + 8.
-14
2 + -4 - 6 - 2 - (16 + -13)
-13
Calculate -131 - -124 - (6 + (-2 - 1) + -8).
-2
What is the value of -6 + (-13 - 16) - -62?
27
What is the value of -2 - (-46 + 43 + (2 - -3))?
-4
What is 30 + -1 + (-24 + 7 - -18)?
30
What is 1 + -1 - ((-10 - 2) + 16)?
-4
-14 - -3 - (-8 - 30) - 14
13
1 - ((13 + -2 - 4) + -7)
1
What is 1 + 20 + (-2 - 14) + -28?
-23
Evaluate (-52 - -28 - (-3 + -16)) + 10.
5
Evaluate (19 - (-26 + -6 + 61)) + 12 + -1.
1
-7 + -10 + -5 - (1 + -16)
-7
What is the value of 171 + -193 + (-1 - 3) + 6 + 1?
-19
(32 - (-16 - -48)) + -10
-10
6 - -1 - -1 - (11 - (16 + -7))
6
What is 5 + 1 + (-79 - -52 - (1 - 7))?
-15
Calculate 2 + 3 - (6 + -3).
2
Calculate -5 + (6 - (-2 + -3)).
6
Evaluate 0 + -1 + -2 + (1 - 3) + 16.
11
What is (-17 - (-20 + (13 - 0))) + 1?
-9
Evaluate 16 - -1 - (33 + -52 + 24) - 42.
-30
Evaluate (-7 - (31 + -43)) + (1 - (-1 - -5)).
2
What is 7 + (4 + 3 - (-4 + 10)) + -1?
7
What is (-8 - (10 - 24)) + -2?
4
Calculate 11 - ((-15 - -3) + 34).
-11
Evaluate (0 + -1 + 2 - -14) + (90 - 94).
11
What is the value of 1 - (48 - (17 - -2))?
-28
What is 17 + 7 + -4 + -9 + (9 - 6)?
14
-11 - (-6 - (4 + -11 - -27))
15
7 + 2 + 8 + (12 - 9) + -4
16
What is the value of (12 - 6) + (-2 - 10) + (8 - -3)?
5
(-2 - 9) + 2 + 7
-2
What is the value of (8 - -9) + -4 - 3?
10
-14 + 20 - (38 - (-6 - -17))
-21
What is 2 - 2 - (-2 - 14 - -10)?
6
Calculate 2 + (4 - (4 - 1)) - (-21 + 18).
6
Evaluate 5 + 6 + (2 - (-1 - -4)).
10
What is the value of (-20 - -3) + 10 + -20 + 30?
3
Evaluate (-120 - -132) + (9 - 1).
20
What is the value of -7 - (0 + -1) - (8 - (5 + 16))?
7
Evaluate (-7 - -14) + -8 + (7 - -4).
10
What is the value of 3 - (-15 + (7 + -3 + -8 - -7))?
15
Calculate 0 + (8 - (5 + 2) - 5).
-4
Evaluate (2 - 7) + 18 - 16 - (10 - 1).
-12
24 + (-2 - 2) - (-15 - -23)
12
What is -26 + 7 - (1 + -5 - 12)?
-3
-8 - -1 - (-5 - (2 - 5))
-5
-7 - (-14 + (1 - 2))
8
Evaluate -15 + -12 + (1 - 1) - -13.
-14
What is the value of -1 + (18 - 3) + -1 + (2 - 5)?
10
What is the value of (2 - -15 - 12) + 13?
18
What is the value of (22 - 49) + (1 - 2) + (-46 - -36)?
-38
Evaluate (3 - -1) + -100 + 80.
-16
What is the value of -2 + 6 + 0 + -17?
-13
What is (21 - (-12 - -21 - 1)) + -29?
-16
Calculate (6 - 3) + -5 + (4 - (-3 + -8)).
13
What is -244 + 254 + 11 + 0?
21
Calculate (10 - (-2 - -19) - 1) + (0 - -7).
-1
Calculate -1 + -5 - -10 - (-41 + 36).
9
What is (-12 - (-9 + -4 + 8)) + 3 - -2?
-2
What is the value of -212 + 219 + (0 - 5)?
2
-4 + -4 + 3 - (1 + 3 + -6)
-3
What is 6 + (-6 - -3) + -2 - (10 - 4)?
-5
What is the value of (7 - -14) + (15 - 18)?
18
What is the value of 10 - ((-11 - 0 - -25) + 10)?
-14
What is the value of 1 + -15 - (9 - 1 - (-160 + 174))?
-8
What is 9 + -6 - (-9 - (4 - 10)) - 5?
1
Calculate 26 - ((64 - 27) + -33 + 3 + 0).
19
-1 - (4 + -11) - (2 + -6 - -7)
3
What is the value of -21 + (-15 - -34 - 13)?
-15
What is -9 + -29 + (55 - 6)?
11
(-35 - -30 - -1) + -12
-16
What is 0 - 1 - 3 - (-5 - (27 + -29))?
-1
Calculate -1 + -12 + 0 + 6 + -10 + 3.
-14
What is 108 - 124 - (0 - 2)?
-14
Evaluate 1 + -20 + 2 + -8 + -2 + 4.
-23
(5 - (-8 - -4)) 